e -4*j + 72 = -t*j. What is the units digit of j?
6
Let d = -1 + -4. What is the units digit of 14/(-1)*d/10?
7
Let n = 15 + -13. What is the units digit of n?
2
Let j(t) = -t**3 - 7*t**2 - 8*t + 2. Let m = 14 - 20. Let c be j(m). Suppose -4*r + 2*h + 20 = -2*h, 0 = -2*r + 3*h + c. What is the units digit of r?
1
Let h(d) = 6*d**2 + 14*d + 15. What is the units digit of h(-7)?
1
Let x = 3 + -9. Let k(a) = a**2 + 7*a + 2. Let c be k(x). What is the tens digit of 28/(-2)*(3 + c)?
1
Let s be (-2 + -2)*(-330)/8. Suppose 2*w + 3*w - s = 0. What is the units digit of w?
3
Let a(b) = 3*b - 2*b + 0*b + 13. What is the units digit of a(-9)?
4
Let v(w) = 2*w**3 - 2*w**2 + 2*w - 2. Let l be v(2). Let z = l + 5. What is the tens digit of z?
1
Let i be (-6)/33 + (-168)/44. Let p(s) = s**2 - s - 8. What is the units digit of p(i)?
2
Suppose 4*x + 5*l - 1018 = 0, 10*x - 5*x + 3*l - 1266 = 0. What is the hundreds digit of x?
2
Let d = 313 + -88. What is the units digit of d?
5
Let w(k) = -k**3 + 3*k + 3. Let s be w(-2). Let f = -5 + s. Let y = f + 3. What is the units digit of y?
3
Suppose -4*d + 7*d = 36. Let c(f) = -f**3 - 5*f**2 + 6. Let l be c(-5). What is the units digit of (l/4)/(d/8)?
1
Let d = 1 + -3. Suppose -4*m + 4*a - 24 + 4 = 0, -a = -5*m - 21. What is the units digit of 44/8 + d/m?
6
Let n = 0 - -3. Let x(v) = v**3 - 2*v**2 - 4*v + 3. Let c be x(n). Suppose c = 5*q + 2*k - 30, -6*k + 11 = 4*q - 7*k. What is the units digit of q?
4
Suppose 13*c - 9*c = 184. What is the units digit of c?
6
Let l be 22/(-8) - 6/(-8). Let s(w) = w**2 - 2*w - 3. Let y be s(l). Suppose -y*b + 14 = -6. What is the units digit of b?
4
Let o(p) = p**2 + 1. Let j be o(-2). Let h = 0 + 1. Suppose j*l = -h + 31. What is the units digit of l?
6
Suppose 4*m + 5*q + 7 = 0, -11 = -m - 0*q + 3*q. Suppose 2*y + m*z = 68, -2*y + 6*z - z + 75 = 0. What is the units digit of y?
5
Let p(r) = -2*r**3 - 10*r**2 + 16*r + 8. Let x(l) = 3*l**3 + 15*l**2 - 24*l - 12. Let n(f) = 8*p(f) + 5*x(f). What is the units digit of n(-7)?
6
Suppose 2*f - f = 2. What is the units digit of 1 - (f + 1) - -26?
4
Let r(z) = z**3 + 9*z**2 + z - 3. What is the tens digit of r(-6)?
9
Let f = -10 + 31. Let p = f + -36. What is the units digit of (-5)/p*(2 + 13)?
5
Let u = -4 + -1. Let d = u - -5. Suppose d*y + 3*k - 15 = -2*y, 4*y - k = 37. What is the units digit of y?
9
Let g(m) = 7*m - 11*m - 2 + m. What is the units digit of g(-2)?
4
Let m(n) = 2*n**3 - 3*n**2 + 3*n - 2. Let w be m(2). Let h = w + -4. What is the units digit of h?
4
Let z be (-4)/(-6) + (-15)/9. Let d = 2 - z. What is the units digit of d?
3
Let t = 130 + -74. What is the units digit of t?
6
Suppose -j = -5*d - 7, 3*j - 3 = -3*d - 0*d. Suppose -j*u + u + 19 = 0. What is the tens digit of u?
1
Let z = -2 - -6. Suppose 5*u - 36 = -z*m, -m - m + 4 = -u. Suppose -5*r + 6*r = m. What is the units digit of r?
4
Suppose 31*d = 25*d + 756. What is the tens digit of d?
2
Suppose -3*p - z + 211 = 0, -p + 18 = 4*z - 67. What is the units digit of p?
9
Let l(b) = 2*b. What is the units digit of l(7)?
4
Suppose 4*c - 360 = -c. What is the tens digit of c?
7
Suppose -3*t + 705 = -0*t. What is the tens digit of t?
3
Let q(g) = -g**3 + 9*g**2 - 7*g - 4. Let h be q(8). Suppose h*r + 116 = -c + 5*c, 133 = 5*c - r. Let d = c - 18. What is the units digit of d?
8
Let c(s) = -s**2 - 6*s + 7. Suppose -t = 3*t + 24. What is the units digit of c(t)?
7
Let m(o) = -o**2 + 7*o - 6. Let s = -5 - -10. Let a be m(s). What is the units digit of (a/6)/(10/195)?
3
Let j = 141 + 21. What is the tens digit of j?
6
Let c = 6 + -1. Suppose 5*t - 3*q = 155, 0*t + 135 = c*t + q. What is the tens digit of t?
2
Let k be (26/(-4))/((-2)/4). Suppose 2 = -5*y - 5*r - k, 2*r = -y - 8. What is the units digit of y?
2
Let m be ((-10)/3)/(6/(-9)). Let w = m - 3. Suppose -3*x + 40 = w*x. What is the units digit of x?
8
Let w be (-13 + -1)*-1 - 2. What is the units digit of -1 - 3*w/(-9)?
3
Suppose 2*j = -j - 30. What is the tens digit of (-4)/(-6)*(-345)/j?
2
Let u = 4 - -4. Suppose -o = o - u. What is the units digit of o?
4
What is the units digit of 976/44 + (-8)/44?
2
Let z(b) = -7*b**3 + 4*b - 7. Let n(o) be the second derivative of o**5/2 - o**3 + 5*o**2 + 2*o. Let j(i) = -5*n(i) - 7*z(i). What is the units digit of j(-2)?
3
Suppose 6*o - 192 = 4*o. Suppose -3*s = s - o. What is the tens digit of s?
2
Let b(o) = 5*o**3 - 3*o**2 - 2*o + 5. What is the hundreds digit of b(3)?
1
Let r(h) = -h + 8. Let d be r(8). Let x be -1*(3 - d) - -5. Suppose -b - 10 = -x*b. What is the tens digit of b?
1
Suppose 3*q - 169 = -0*q - 4*u, 3*u + 90 = 2*q. What is the units digit of q?
1
Suppose -4*i - 4*y = -5 - 11, 5*y - 4 = 3*i. What is the units digit of (6/5)/(i/15)?
9
Suppose p - 183 = -3*u, 4*u - 5 = 11. What is the hundreds digit of p?
1
Let o = -1 - -5. Suppose -5*b = -4*k + 20, o*b + 12 = 4*k + b. Suppose 5*v - 2*d - 7 = 0, -3*v + 3*d - 3 = -k*d. What is the units digit of v?
3
Suppose 2*q + 3 + 3 = 2*t, 0 = 3*q + 3. Suppose 0 = t*r - 70 - 50. What is the tens digit of r?
6
Let f(i) = -4 + 5*i - 6*i + 3 + 4*i**2. What is the units digit of f(-2)?
7
Let m be 6/(-9) + 24/9. Suppose -j + 3*j = -m, a = -4*j + 26. What is the tens digit of a?
3
Let g = -42 - -110. What is the units digit of g?
8
What is the tens digit of (-2 + 44)/(9/6)?
2
Suppose 10*x = 14*x - 152. What is the tens digit of x?
3
Let o = -28 + 39. What is the units digit of o?
1
Suppose 0*x - 3*o = 3*x + 3, -o = -3*x + 5. Let f(h) = 14*h**3 - h**2 + h. What is the units digit of f(x)?
4
Suppose -2 = -4*x + u + 4, -5*x + u = -8. Suppose 0*y - 6 = -3*y. Suppose x*b - 22 = -k + 6*k, -4*k - 18 = -y*b. What is the units digit of b?
1
Suppose 4*o - 9 = -4*t + 23, -4*o + t = -12. Suppose 5*d - 13 - 7 = 0, -44 = -o*z - d. What is the units digit of z?
0
Let n(y) = y**3 + 5*y**2 - 2*y - 4. Let h be n(-5). Suppose 2*g - 84 = h*l - 2*l, -l = 2. What is the tens digit of g?
3
Let k be 1/2 - (-18)/4. Suppose -5*z + 7 = -23. Let w = z - k. What is the units digit of w?
1
Let k = 25 - 18. Let w(q) be the first derivative of q**2/2 - q - 2. What is the units digit of w(k)?
6
Suppose -4*t + 6*t = -2*k + 12, -3*t + 21 = 4*k. Suppose -9 = -c - v, 4*v = -1 - t. Suppose 3*g - 5 - c = 0. What is the units digit of g?
5
Let b(r) be the second derivative of 1/6*r**3 + 9/2*r**2 + 0 + 2*r. What is the units digit of b(-4)?
5
Let a(w) = w**3 - w**2 - 2*w. Let j be a(2). Let k be 0/(-1) + j + 0. What is the units digit of (k - 0) + (1 - -1)?
2
Let j(i) = -i - 14. Let v be j(-14). Suppose 3*z = -q + 28, v = -2*z + 5*q + 13. What is the units digit of z?
9
Let x(p) = -p + 4. Let l(n) = 1. Let w be (-3)/5 - 412/(-20). Let z(d) = w*l(d) - 5*x(d). What is the units digit of z(1)?
5
Suppose -1 = 2*i - 5. Suppose i*o = 5*x + 15, 3*o - 9 - 3 = 4*x. Let c = 1 - x. What is the units digit of c?
4
Let v = 163 + -25. What is the hundreds digit of v?
1
Suppose j - 19 = -0*j + 3*b, 0 = 2*j - 4*b - 28. Suppose 20 = 2*n + 3*n. Suppose -n*a + 4 = -j. What is the units digit of a?
2
Let j(v) be the third derivative of -v**7/840 + v**4/6 + v**3/3 + v**2. Let k(c) be the first derivative of j(c). What is the units digit of k(0)?
4
Let o be (-1 - -4)/(1/49). Suppose -6*n = 21 - o. What is the units digit of n?
1
What is the tens digit of -4 - (5/(-10) + (-678)/4)?
6
Suppose 0 = -k - 0 + 3. Let i(p) = 8*p**2 - 2*p + 2*p**2 + 2 - p - 4*p - p**k. What is the units digit of i(9)?
0
Let k(c) = 10*c**2 + 3*c + 2. Let o be (1/(-3))/(7/42). What is the tens digit of k(o)?
3
Let g = 5 + -1. Suppose 6*i - 2*i = 12. Let y = g - i. What is the units digit of y?
1
Let r(v) = -v**3 - 10*v**2 - 2*v - 12. What is the units digit of r(-10)?
8
Suppose 9*u = 12*u + 90. Let l = 153 - 109. Let p = u + l. What is the units digit of p?
4
Let v(t) = -2*t**3 - 2*t + 1. Let c be v(1). Let d(n) = n**3 + 4*n**2 + n + 3. What is the units digit of d(c)?
9
Let c(t) = 2*t**2 + 2*t - 5. What is the units digit of c(-5)?
5
Let z be 8 + -4 + (1 - -1). Let r(u) = -u**3 + 6*u**2 - 2. Let h be r(z). What is the units digit of (2/(-4))/(h/4)?
1
Let r be 2 - (2 - (-2 + 4)). Suppose -25 = -2*h + p + 7, -40 = -r*h - p. What is the units digit of h?
8
Suppose 7 - 1 = 3*o. Suppose -o*f = 2*f - 96. Suppose 0 = -5*u 